3234
In base 9, what is 426 + -3?
423
In base 15, what is b7 + 56?
11d
In base 5, what is -33424 - -10?
-33414
In base 16, what is -4a - 26?
-70
In base 4, what is -3 + -23300?
-23303
In base 16, what is -9 - -7e?
75
In base 16, what is 0 - -cd?
cd
In base 10, what is -4 + -5281?
-5285
In base 15, what is 6e6 - -1?
6e7
In base 15, what is 2 + -59?
-57
In base 14, what is 72 + -2?
70
In base 14, what is 3 - a7?
-a4
In base 16, what is -43 - 3?
-46
In base 9, what is 6 - -5277?
5284
In base 11, what is -5a6 + 17?
-58a
In base 14, what is 13 - -206?
219
In base 13, what is 22 + 3?
25
In base 10, what is -5 + -1282?
-1287
In base 11, what is 7 - -94?
a0
In base 14, what is -70 + -11?
-81
In base 14, what is 0 + -d2?
-d2
In base 13, what is -659 + 5?
-654
In base 8, what is 1175 + -20?
1155
In base 2, what is 111111010011110 - -1?
111111010011111
In base 2, what is 10110010 + -1?
10110001
In base 8, what is 674 - -5?
701
In base 14, what is -1a - 2?
-1c
In base 14, what is 11 - -1?
12
In base 13, what is 1 - -14?
15
In base 4, what is -303 - 3?
-312
In base 12, what is 4 + -bab?
-ba7
In base 11, what is -370 + -30?
-3a0
In base 11, what is -638 + 12?
-626
In base 5, what is 332322 - 1?
332321
In base 3, what is -11 - 10201?
-10212
In base 3, what is -1 + 1002?
1001
In base 13, what is 1 - 93?
-92
In base 3, what is 122002 + 22?
122101
In base 13, what is 1c5 - 1?
1c4
In base 3, what is -212 + 11?
-201
In base 10, what is -787 - -3?
-784
In base 7, what is -360 + -2?
-362
In base 10, what is 5 - -1078?
1083
In base 5, what is 3430110 + -1?
3430104
In base 14, what is -8 - 2a4?
-2ac
In base 16, what is 2 + b7?
b9
In base 5, what is 1 + 43334?
43340
In base 7, what is -4 + -122?
-126
In base 16, what is -1 + 17?
16
In base 7, what is -1 - 42?
-43
In base 12, what is 0 - 38?
-38
In base 16, what is -72 + 0?
-72
In base 10, what is -98 - -1?
-97
In base 12, what is 53 + 4?
57
In base 14, what is -3ba - 5?
-3c1
In base 14, what is -4b2 + -3?
-4b5
In base 15, what is 24 - -b1?
d5
In base 4, what is 1323 - -11?
2000
In base 8, what is 6 + 77?
105
In base 5, what is -22 - 21130?
-21202
In base 6, what is 4551 + -2?
4545
In base 6, what is 2 - -3?
5
In base 7, what is -3 - -24?
21
In base 7, what is 12 - 50?
-35
In base 2, what is 101101010 - -1001?
101110011
In base 15, what is 1 - 8?
-7
In base 9, what is -13 + 56?
43
In base 4, what is -23 - 22023?
-22112
In base 14, what is a9 + 5?
b0
In base 11, what is 8 - -1a?
27
In base 13, what is 20 + 3?
23
In base 14, what is 3 - b9?
-b6
In base 5, what is 40344 - -3?
40402
In base 14, what is 0 + -83?
-83
In base 6, what is 1 + 5?
10
In base 12, what is -32 - -70?
3a
In base 15, what is 4 - 35?
-31
In base 5, what is 2 - 243?
-241
In base 14, what is -2ad + 4?
-2a9
In base 10, what is 2 + -44?
-42
In base 6, what is -51 + -2?
-53
In base 7, what is -21 - -54?
33
In base 16, what is 2f + -1?
2e
In base 5, what is -2324 - 3?
-2332
In base 11, what is -3 + 602?
5aa
In base 9, what is -622 + -3?
-625
In base 8, what is 172 - 0?
172
In base 8, what is 1 + 15253?
15254
In base 7, what is 303 + 3?
306
In base 5, what is -1141 + -420?
-2111
In base 3, what is -12 + 2022?
2010
In base 4, what is -10302 - 200?
-11102
In base 12, what is -1637 - -3?
-1634
In base 9, what is 725 + 3?
728
In base 12, what is 19 + 20?
39
In base 13, what is -3751 - -1?
-3750
In base 8, what is -1 + -226?
-227
In base 16, what is -219 - -1a?
-1ff
In base 10, what is -102 - 4?
-106
In base 3, what is -1101 + 20100?
11222
In base 8, what is -10 + -14?
-24
In base 6, what is -1055 + 3?
-1052
In base 15, what is 38c3 - 5?
38bd
In base 12, what is 650 - -2?
652
In base 13, what is 4a9 - 20?
489
In base 5, what is 30 - -21?
101
In base 15, what is 1e + -1a?
4
In base 9, what is 63 - -20?
83
In base 7, what is 5 - -313?
321
In base 9, what is 748 - -2?
751
In base 13, what is -1 + 26a1?
26a0
In base 7, what is -5 - 14122?
-14130
In base 16, what is d7c - -4?
d80
In base 4, what is -12 - -10031?
10013
In base 15, what is a + -b?
-1
In base 4, what is -21 + 31200?
31113
In base 7, what is -2400 - 3?
-2403
In base 5, what is 10 + 210?
220
In base 13, what is 4b - -42?
90
In base 7, what is 2 - -44?
46
In base 8, what is -11 + -36?
-47
In base 5, what is 2412 + -4?
2403
In base 3, what is -1 - 12222?
-20000
In base 9, what is -8 - -365?
356
In base 15, what is 566 - -4?
56a
In base 7, what is 4 + -60?
-53
In base 7, what is -2 - 4?
-6
In base 4, what is 102 + 22?
130
In base 5, what is 4 - 344?
-340
In base 12, what is 2 - 242?
-240
In base 16, what is -4 - 14?
-18
In base 11, what is -3 + a?
7
In base 3, what is -112202 + -10?
-112212
In base 14, what is b + 43b?
448
In base 9, what is -5 + 288?
283
In base 6, what is 30402 - 3?
30355
In base 10, what is 0 + 1822?
1822
In base 5, what is 13 - -2432?
3000
In base 6, what is 1 - 113?
-112
In base 10, what is -116 + 3?
-113
In base 7, what is -5 - 15144?
-15152
In base 9, what is -3 + 16?
13
In base 14, what is b - 1c6?
-1b9
In base 8, what is 33 - 42?
-7
In base 2, what is -11000 + -101011?
-1000011
In base 12, what is -5 - b?
-14
In base 6, what is -22525 - 4?
-22533
In base 8, what is 5 + -11?
-4
In base 11, what is -870 + 4?
-867
In base 4, what is 11101 + 10?
11111
In base 13, what is 4 + -c67?
-c63
In base 7, what is 3 + 42?
45
In base 11, what is -9 + -2?
-10
In base 7, what is 4 + 3660?
3664
In base 3, what is 102120212 - 12?
102120200
In base 3, what is 101102 - -11?
101120
In base 2, what is -10111011110 - -10?
-10111011100
In base 9, what is 5444 - -2?
5446
In base 5, what is 333 - 30?
303
In base 16, what is a6 - -1?
a7
In base 2, what is 100 - 10001011010?
-10001010110
In base 16, what is 5 - 17c?
-177
In base 7, what is 5254 + 4?
5261
In base 15, what is -1 - 23?
-24
In base 7, what is 131 + -13?
115
In base 4, what is -11 - 1210?
-1221
In base 16, what is -ad5 - -4?
-ad1
In base 3, what is 2010 + 21?
2101
In base 9, what is -117 - 5?
-123
In base 3, what is -12 - -22111200?
22111111
In base 5, what is -2 - 2130?
-2132
In base 5, what is 30331 + 1?
30332
In base 16, what is 2 - b2?
-b0
In base 14, what is dd - 5?
d8
In base 10, what is -3 + -58?
-61
In base 2, what is -100 + 1001?
101
In base 14, what is -3 - 6c?
-71
In base 14, what is -93 + -1?
-94
In base 3, what is -2101 + -100?
-2201
In base 12, what is -198 + -9?
-1a5
In base 4, what is 0 + 2011?
2011
In base 8, what is 2 + 217?
221
In base 10, what is 139 - -5?
144
In base 4, what is -302 - -20?
-222
In base 8, what is -73 + -100?
-173
In base 14, what is -2 - -c79?
c77
In base 4, what is -133130 + -10?
-133200
In base 4, what is 1 + -10131?
-10130
In base 2, what is -1000100001010 + 10?
-1000100001000
In base 13, what is -3 - 157?
-15a
In base 3, what is -12 - -11011?
10222
In base 4, what is 1 + 12302?
12303
In base 7, what is 2 - 4234?
-4232
In base 7, what is 2 + 23?
25
In base 15, what is -1 + 2b2?
2b1
In base 14, what is -232 - -3?
-22d
In base 5, what is 0 + 434?
434
In base 6, what is -3141 + -30?
-3211
In base 16, what is d + -a?
3
In base 11, what is 1 + -577?
-576
In base 16, what is 9 - -a2?
ab
In base 4, what is 211 - -313?
1130
In base 8, what is 2 + 65?
67
In base 12, what is -1b9 - -2?
-1b7
In base 13, what is 32 - -5?
37
In base 8, what is -5 + 45?
40
In base 16, what is 1b - -4?
1f
In base 15, what is 0 + -3?
-3
In base 13, what is -9 - -4?
-5
In base 6, what is -4 + -43?
-51
In base 14, what is -7a6 - -3?
-7a3
In base 10, what is -1 - 125?
-126
In base 7, what is 434 - -3?
440
In base 10, what is 259 - 0?
259
In base 14, what is 26 + 0?
26
In base 8, what is 1 + -1614?
-1613
In base 8, what is -5 - -60?
53
In base 4, what is -11331 + 0?
-11331
In base 7, what is -2 + -636?
-641
In base 13, what is -3084 - 4?
-3088
In base 13, what is 166 + -10?
156
In base 10, what is -246 + 4?
-242
In base 14, what is 7a6 - 2?
7a4
In base 12, what is -29 + -74?
-a1
In base 11, what is -456 + 12?
-444
In base 14, what is 30 - 4?
2a
In base 6, what is -2 + 102?
100
In base 12, what is -1b8 - 4?
-200
In base 5, what is -3 - -2211?
2203
In base 3, what is -121 + 1121?
1000
In base 14, what is -d + -171?
-180
In base 2, what is 100010001 - -1?
100010010
In base 7, what is 35 - -50?
115
In base 11, what is -92 + -3?
-95
In base 13, wh